{"id":1516,"date":"2018-05-16T08:23:36","date_gmt":"2018-05-16T08:23:36","guid":{"rendered":"https:\/\/booksal.com\/?page_id=1516"},"modified":"2018-05-16T08:23:36","modified_gmt":"2018-05-16T08:23:36","slug":"fjalor-metoda","status":"publish","type":"page","link":"https:\/\/booksal.com\/index.php\/fjalor-metoda\/","title":{"rendered":"Fjalor \/ Metoda"},"content":{"rendered":"<div class=\"wpb-content-wrapper\"><p>[vc_row][vc_column]<div class=\"woocommerce columns-4 \"><div class=\"wf-container dt-products  woo-hover products loading-effect-fade-in description-on-hover cart-btn-on-img wc-img-hover hide-description\" data-padding=\"0px\" data-cur-page=\"1\" data-desktop-columns-num=\"4\" data-v-tablet-columns-num=\"2\" data-h-tablet-columns-num=\"3\" data-phone-columns-num=\"1\">\n\n<article class=\"post visible description-off product type-product post-1197 status-publish first instock product_cat-fjalormetoda has-post-thumbnail shipping-taxable product-type-simple\">\n\n\t<figure class=\"woocom-project\">\n\t<div class=\"woo-buttons-on-img\">\n\n\t\t<a href=\"https:\/\/booksal.com\/index.php\/product\/kompendium-filozofik\/\" class=\"alignnone layzr-bg\"><img loading=\"lazy\" decoding=\"async\" width=\"300\" height=\"300\" src=\"data:image\/svg+xml;charset=utf-8,%3Csvg xmlns%3D&#039;http%3A%2F%2Fwww.w3.org%2F2000%2Fsvg&#039; viewBox%3D&#039;0 0 300 300&#039;%2F%3E\" class=\"attachment-woocommerce_thumbnail size-woocommerce_thumbnail lazy-load preload-me\" alt=\"Kompendium Filozofik\" data-src=\"https:\/\/booksal.com\/wp-content\/uploads\/2018\/05\/56-300x300.jpg\" data-srcset=\"https:\/\/booksal.com\/wp-content\/uploads\/2018\/05\/56-300x300.jpg 300w, https:\/\/booksal.com\/wp-content\/uploads\/2018\/05\/56-150x150.jpg 150w, https:\/\/booksal.com\/wp-content\/uploads\/2018\/05\/56-100x100.jpg 100w, https:\/\/booksal.com\/wp-content\/uploads\/2018\/05\/56.jpg 450w\" \/><\/a>\n\t<\/div>\n\t<figcaption class=\"woocom-list-content\">\n\n\t\t<div class=\"woocommerce-product-details__short-description\">\n\t<p><strong>Titulli :<\/strong> Kompendium Filozofik<br \/>\n<strong>Autori<\/strong> : Sadedin Limani<br \/>\n<strong>Botuesi: <\/strong>Fan Noli<br \/>\n<strong>ISBN :\u00a0<\/strong>978-9928-251-15-2<\/p>\n<\/div>\n\n\t<\/figcaption>\n<\/figure>\n\n<\/article>\n\n\n\n<article class=\"post visible description-off product type-product post-885 status-publish instock product_cat-fjalormetoda has-post-thumbnail shipping-taxable product-type-simple\">\n\n\t<figure class=\"woocom-project\">\n\t<div class=\"woo-buttons-on-img\">\n\n\t\t<a href=\"https:\/\/booksal.com\/index.php\/product\/pronto\/\" class=\"alignnone layzr-bg\"><img loading=\"lazy\" decoding=\"async\" width=\"300\" height=\"300\" src=\"data:image\/svg+xml;charset=utf-8,%3Csvg xmlns%3D&#039;http%3A%2F%2Fwww.w3.org%2F2000%2Fsvg&#039; viewBox%3D&#039;0 0 300 300&#039;%2F%3E\" class=\"attachment-woocommerce_thumbnail size-woocommerce_thumbnail lazy-load preload-me\" alt=\"Pronto\" data-src=\"https:\/\/booksal.com\/wp-content\/uploads\/2018\/05\/1-2-300x300.png\" data-srcset=\"https:\/\/booksal.com\/wp-content\/uploads\/2018\/05\/1-2-300x300.png 300w, https:\/\/booksal.com\/wp-content\/uploads\/2018\/05\/1-2-150x150.png 150w, https:\/\/booksal.com\/wp-content\/uploads\/2018\/05\/1-2-100x100.png 100w, https:\/\/booksal.com\/wp-content\/uploads\/2018\/05\/1-2.png 450w\" \/><\/a>\n\t<\/div>\n\t<figcaption class=\"woocom-list-content\">\n\n\t\t<div class=\"woocommerce-product-details__short-description\">\n\t<p><strong>Titulli : <\/strong>Pronto\u00a0<strong><br \/>\n<\/strong><strong>Viti:<\/strong> 2006<strong><br \/>\n<\/strong><strong>Sht\u00ebpia botuese: <\/strong>Fan Noli<strong><br \/>\n<\/strong><strong>ISBN : <\/strong>99943-918-4-4<strong><br \/>\n<\/strong><strong>Faqe: <\/strong>380<\/p>\n<\/div>\n\n\t<\/figcaption>\n<\/figure>\n\n<\/article>\n\n\n\n<article class=\"post visible description-off product type-product post-882 status-publish instock product_cat-fjalormetoda has-post-thumbnail shipping-taxable product-type-simple\">\n\n\t<figure class=\"woocom-project\">\n\t<div class=\"woo-buttons-on-img\">\n\n\t\t<a href=\"https:\/\/booksal.com\/index.php\/product\/enderrshpjegues-i-plote\/\" class=\"alignnone layzr-bg\"><img loading=\"lazy\" decoding=\"async\" width=\"300\" height=\"300\" src=\"data:image\/svg+xml;charset=utf-8,%3Csvg xmlns%3D&#039;http%3A%2F%2Fwww.w3.org%2F2000%2Fsvg&#039; viewBox%3D&#039;0 0 300 300&#039;%2F%3E\" class=\"attachment-woocommerce_thumbnail size-woocommerce_thumbnail lazy-load preload-me\" alt=\"\u00cbnd\u00ebrrshpjegues i Plot\u00eb\" data-src=\"https:\/\/booksal.com\/wp-content\/uploads\/2018\/05\/2-1-300x300.png\" data-srcset=\"https:\/\/booksal.com\/wp-content\/uploads\/2018\/05\/2-1-300x300.png 300w, https:\/\/booksal.com\/wp-content\/uploads\/2018\/05\/2-1-150x150.png 150w, https:\/\/booksal.com\/wp-content\/uploads\/2018\/05\/2-1-100x100.png 100w, https:\/\/booksal.com\/wp-content\/uploads\/2018\/05\/2-1.png 450w\" \/><\/a>\n\t<\/div>\n\t<figcaption class=\"woocom-list-content\">\n\n\t\t<div class=\"woocommerce-product-details__short-description\">\n\t<p><strong>Titulli :<\/strong>\u00cbnd\u00ebrrshpjegues i Plot\u00eb\u00a0<strong><br \/>\n<\/strong><strong>Viti:<\/strong> 2014<strong><br \/>\n<\/strong><strong>Sht\u00ebpia botuese: <\/strong>Fan Noli<strong><br \/>\n<\/strong><strong>ISBN : <\/strong>978-9928-165-47-3<strong><br \/>\n<\/strong><strong>Faqe: <\/strong>770<\/p>\n<\/div>\n\n\t<\/figcaption>\n<\/figure>\n\n<\/article>\n\n<\/div><\/div>[\/vc_column][\/vc_row]<\/p>\n<\/div>","protected":false},"excerpt":{"rendered":"<p>[vc_row][vc_column][\/vc_column][\/vc_row]<\/p>\n","protected":false},"author":3,"featured_media":0,"parent":0,"menu_order":0,"comment_status":"closed","ping_status":"closed","template":"","meta":{"footnotes":""},"class_list":["post-1516","page","type-page","status-publish","hentry","description-off"],"yoast_head":"<!-- This site is optimized with the Yoast SEO plugin v26.7 - https:\/\/yoast.com\/wordpress\/plugins\/seo\/ -->\n<title>Fjalor \/ Metoda - BOOKSAL Publishing House Fan Noli - publishing house in albania , shtepi botuese ne shqiperi , shtepia botuese fan Noli , Rexhep Hida<\/title>\n<meta name=\"robots\" content=\"index, follow, max-snippet:-1, max-image-preview:large, max-video-preview:-1\" \/>\n<link rel=\"canonical\" href=\"https:\/\/booksal.com\/index.php\/fjalor-metoda\/\" \/>\n<meta property=\"og:locale\" content=\"sq_AL\" \/>\n<meta property=\"og:type\" content=\"article\" \/>\n<meta property=\"og:title\" content=\"Fjalor \/ Metoda - BOOKSAL Publishing House Fan Noli - publishing house in albania , shtepi botuese ne shqiperi , shtepia botuese fan Noli , Rexhep Hida\" \/>\n<meta property=\"og:description\" content=\"[vc_row][vc_column][\/vc_column][\/vc_row]\" \/>\n<meta property=\"og:url\" content=\"https:\/\/booksal.com\/index.php\/fjalor-metoda\/\" \/>\n<meta property=\"og:site_name\" content=\"BOOKSAL Publishing House Fan Noli - publishing house in albania , shtepi botuese ne shqiperi , shtepia botuese fan Noli , Rexhep Hida\" \/>\n<meta name=\"twitter:card\" content=\"summary_large_image\" \/>\n<script type=\"application\/ld+json\" class=\"yoast-schema-graph\">{\"@context\":\"https:\/\/schema.org\",\"@graph\":[{\"@type\":\"WebPage\",\"@id\":\"https:\/\/booksal.com\/index.php\/fjalor-metoda\/\",\"url\":\"https:\/\/booksal.com\/index.php\/fjalor-metoda\/\",\"name\":\"Fjalor \/ Metoda - BOOKSAL Publishing House Fan Noli - publishing house in albania , shtepi botuese ne shqiperi , shtepia botuese fan Noli , Rexhep Hida\",\"isPartOf\":{\"@id\":\"https:\/\/booksal.com\/#website\"},\"datePublished\":\"2018-05-16T08:23:36+00:00\",\"breadcrumb\":{\"@id\":\"https:\/\/booksal.com\/index.php\/fjalor-metoda\/#breadcrumb\"},\"inLanguage\":\"sq\",\"potentialAction\":[{\"@type\":\"ReadAction\",\"target\":[\"https:\/\/booksal.com\/index.php\/fjalor-metoda\/\"]}]},{\"@type\":\"BreadcrumbList\",\"@id\":\"https:\/\/booksal.com\/index.php\/fjalor-metoda\/#breadcrumb\",\"itemListElement\":[{\"@type\":\"ListItem\",\"position\":1,\"name\":\"Home\",\"item\":\"https:\/\/booksal.com\/\"},{\"@type\":\"ListItem\",\"position\":2,\"name\":\"Fjalor \/ Metoda\"}]},{\"@type\":\"WebSite\",\"@id\":\"https:\/\/booksal.com\/#website\",\"url\":\"https:\/\/booksal.com\/\",\"name\":\"BOOKSAL Publishing House Fan Noli - publishing house in albania , shtepi botuese ne shqiperi , shtepia botuese fan Noli , Rexhep Hida\",\"description\":\"Publishing House Fan Noli - publishing house in albania , shtepi botuese ne shqiperi , shtepia botuese Fan Noli , Rexhep Hida\",\"potentialAction\":[{\"@type\":\"SearchAction\",\"target\":{\"@type\":\"EntryPoint\",\"urlTemplate\":\"https:\/\/booksal.com\/?s={search_term_string}\"},\"query-input\":{\"@type\":\"PropertyValueSpecification\",\"valueRequired\":true,\"valueName\":\"search_term_string\"}}],\"inLanguage\":\"sq\"}]}<\/script>\n<!-- \/ Yoast SEO plugin. -->","yoast_head_json":{"title":"Fjalor \/ Metoda - BOOKSAL Publishing House Fan Noli - publishing house in albania , shtepi botuese ne shqiperi , shtepia botuese fan Noli , Rexhep Hida","robots":{"index":"index","follow":"follow","max-snippet":"max-snippet:-1","max-image-preview":"max-image-preview:large","max-video-preview":"max-video-preview:-1"},"canonical":"https:\/\/booksal.com\/index.php\/fjalor-metoda\/","og_locale":"sq_AL","og_type":"article","og_title":"Fjalor \/ Metoda - BOOKSAL Publishing House Fan Noli - publishing house in albania , shtepi botuese ne shqiperi , shtepia botuese fan Noli , Rexhep Hida","og_description":"[vc_row][vc_column][\/vc_column][\/vc_row]","og_url":"https:\/\/booksal.com\/index.php\/fjalor-metoda\/","og_site_name":"BOOKSAL Publishing House Fan Noli - publishing house in albania , shtepi botuese ne shqiperi , shtepia botuese fan Noli , Rexhep Hida","twitter_card":"summary_large_image","schema":{"@context":"https:\/\/schema.org","@graph":[{"@type":"WebPage","@id":"https:\/\/booksal.com\/index.php\/fjalor-metoda\/","url":"https:\/\/booksal.com\/index.php\/fjalor-metoda\/","name":"Fjalor \/ Metoda - BOOKSAL Publishing House Fan Noli - publishing house in albania , shtepi botuese ne shqiperi , shtepia botuese fan Noli , Rexhep Hida","isPartOf":{"@id":"https:\/\/booksal.com\/#website"},"datePublished":"2018-05-16T08:23:36+00:00","breadcrumb":{"@id":"https:\/\/booksal.com\/index.php\/fjalor-metoda\/#breadcrumb"},"inLanguage":"sq","potentialAction":[{"@type":"ReadAction","target":["https:\/\/booksal.com\/index.php\/fjalor-metoda\/"]}]},{"@type":"BreadcrumbList","@id":"https:\/\/booksal.com\/index.php\/fjalor-metoda\/#breadcrumb","itemListElement":[{"@type":"ListItem","position":1,"name":"Home","item":"https:\/\/booksal.com\/"},{"@type":"ListItem","position":2,"name":"Fjalor \/ Metoda"}]},{"@type":"WebSite","@id":"https:\/\/booksal.com\/#website","url":"https:\/\/booksal.com\/","name":"BOOKSAL Publishing House Fan Noli - publishing house in albania , shtepi botuese ne shqiperi , shtepia botuese fan Noli , Rexhep Hida","description":"Publishing House Fan Noli - publishing house in albania , shtepi botuese ne shqiperi , shtepia botuese Fan Noli , Rexhep Hida","potentialAction":[{"@type":"SearchAction","target":{"@type":"EntryPoint","urlTemplate":"https:\/\/booksal.com\/?s={search_term_string}"},"query-input":{"@type":"PropertyValueSpecification","valueRequired":true,"valueName":"search_term_string"}}],"inLanguage":"sq"}]}},"_links":{"self":[{"href":"https:\/\/booksal.com\/index.php\/wp-json\/wp\/v2\/pages\/1516","targetHints":{"allow":["GET"]}}],"collection":[{"href":"https:\/\/booksal.com\/index.php\/wp-json\/wp\/v2\/pages"}],"about":[{"href":"https:\/\/booksal.com\/index.php\/wp-json\/wp\/v2\/types\/page"}],"author":[{"embeddable":true,"href":"https:\/\/booksal.com\/index.php\/wp-json\/wp\/v2\/users\/3"}],"replies":[{"embeddable":true,"href":"https:\/\/booksal.com\/index.php\/wp-json\/wp\/v2\/comments?post=1516"}],"version-history":[{"count":1,"href":"https:\/\/booksal.com\/index.php\/wp-json\/wp\/v2\/pages\/1516\/revisions"}],"predecessor-version":[{"id":1518,"href":"https:\/\/booksal.com\/index.php\/wp-json\/wp\/v2\/pages\/1516\/revisions\/1518"}],"wp:attachment":[{"href":"https:\/\/booksal.com\/index.php\/wp-json\/wp\/v2\/media?parent=1516"}],"curies":[{"name":"wp","href":"https:\/\/api.w.org\/{rel}","templated":true}]}}