{"id":1723,"date":"2020-10-05T14:52:38","date_gmt":"2020-10-05T14:52:38","guid":{"rendered":"https:\/\/booksal.com\/?post_type=product&#038;p=1723"},"modified":"2020-10-05T14:59:19","modified_gmt":"2020-10-05T14:59:19","slug":"epoka-e-sipermarrjes-nga-te-gjithe","status":"publish","type":"product","link":"https:\/\/booksal.com\/index.php\/product\/epoka-e-sipermarrjes-nga-te-gjithe\/","title":{"rendered":"Epoka e Sip\u00ebrmarrjes nga t\u00eb Gjith\u00eb"},"content":{"rendered":"","protected":false},"excerpt":{"rendered":"<p><strong>Titulli : <\/strong>Epoka e Sip\u00ebrmarrjes nga t\u00eb Gjith\u00eb<br \/>\n<strong>Autori : <\/strong> Jinghong W. Sanderson<strong><br \/>\n<\/strong><strong>Botuesi :<\/strong> Fan Noli<strong><br \/>\n<\/strong><strong>ISBN :<\/strong>  978-9928-291-80-6<\/p>\n","protected":false},"featured_media":1724,"template":"","meta":[],"product_brand":[],"product_cat":[24],"product_tag":[],"class_list":{"0":"post-1723","1":"product","2":"type-product","3":"status-publish","4":"has-post-thumbnail","6":"product_cat-letersiaenciklopedike","7":"description-off","9":"first","10":"instock","11":"shipping-taxable","12":"product-type-simple"},"yoast_head":"<!-- This site is optimized with the Yoast SEO plugin v26.7 - https:\/\/yoast.com\/wordpress\/plugins\/seo\/ -->\n<title>Epoka e Sip\u00ebrmarrjes nga t\u00eb Gjith\u00eb - BOOKSAL Publishing House Fan Noli - publishing house in albania , shtepi botuese ne shqiperi , shtepia botuese fan Noli , Rexhep Hida<\/title>\n<meta name=\"robots\" content=\"index, follow, max-snippet:-1, max-image-preview:large, max-video-preview:-1\" \/>\n<link rel=\"canonical\" href=\"https:\/\/booksal.com\/index.php\/product\/epoka-e-sipermarrjes-nga-te-gjithe\/\" \/>\n<meta property=\"og:locale\" content=\"sq_AL\" \/>\n<meta property=\"og:type\" content=\"article\" \/>\n<meta property=\"og:title\" content=\"Epoka e Sip\u00ebrmarrjes nga t\u00eb Gjith\u00eb - BOOKSAL Publishing House Fan Noli - publishing house in albania , shtepi botuese ne shqiperi , shtepia botuese fan Noli , Rexhep Hida\" \/>\n<meta property=\"og:description\" content=\"Titulli : Epoka e Sip\u00ebrmarrjes nga t\u00eb Gjith\u00eb Autori : Jinghong W. Sanderson Botuesi : Fan Noli ISBN : 978-9928-291-80-6\" \/>\n<meta property=\"og:url\" content=\"https:\/\/booksal.com\/index.php\/product\/epoka-e-sipermarrjes-nga-te-gjithe\/\" \/>\n<meta property=\"og:site_name\" content=\"BOOKSAL Publishing House Fan Noli - publishing house in albania , shtepi botuese ne shqiperi , shtepia botuese fan Noli , Rexhep Hida\" \/>\n<meta property=\"article:modified_time\" content=\"2020-10-05T14:59:19+00:00\" \/>\n<meta property=\"og:image\" content=\"https:\/\/booksal.com\/wp-content\/uploads\/2020\/10\/epoka.jpg\" \/>\n\t<meta property=\"og:image:width\" content=\"450\" \/>\n\t<meta property=\"og:image:height\" content=\"450\" \/>\n\t<meta property=\"og:image:type\" content=\"image\/jpeg\" \/>\n<meta name=\"twitter:card\" content=\"summary_large_image\" \/>\n<script type=\"application\/ld+json\" class=\"yoast-schema-graph\">{\"@context\":\"https:\/\/schema.org\",\"@graph\":[{\"@type\":\"WebPage\",\"@id\":\"https:\/\/booksal.com\/index.php\/product\/epoka-e-sipermarrjes-nga-te-gjithe\/\",\"url\":\"https:\/\/booksal.com\/index.php\/product\/epoka-e-sipermarrjes-nga-te-gjithe\/\",\"name\":\"Epoka e Sip\u00ebrmarrjes nga t\u00eb Gjith\u00eb - BOOKSAL Publishing House Fan Noli - publishing house in albania , shtepi botuese ne shqiperi , shtepia botuese fan Noli , Rexhep Hida\",\"isPartOf\":{\"@id\":\"https:\/\/booksal.com\/#website\"},\"primaryImageOfPage\":{\"@id\":\"https:\/\/booksal.com\/index.php\/product\/epoka-e-sipermarrjes-nga-te-gjithe\/#primaryimage\"},\"image\":{\"@id\":\"https:\/\/booksal.com\/index.php\/product\/epoka-e-sipermarrjes-nga-te-gjithe\/#primaryimage\"},\"thumbnailUrl\":\"https:\/\/booksal.com\/wp-content\/uploads\/2020\/10\/epoka.jpg\",\"datePublished\":\"2020-10-05T14:52:38+00:00\",\"dateModified\":\"2020-10-05T14:59:19+00:00\",\"breadcrumb\":{\"@id\":\"https:\/\/booksal.com\/index.php\/product\/epoka-e-sipermarrjes-nga-te-gjithe\/#breadcrumb\"},\"inLanguage\":\"sq\",\"potentialAction\":[{\"@type\":\"ReadAction\",\"target\":[\"https:\/\/booksal.com\/index.php\/product\/epoka-e-sipermarrjes-nga-te-gjithe\/\"]}]},{\"@type\":\"ImageObject\",\"inLanguage\":\"sq\",\"@id\":\"https:\/\/booksal.com\/index.php\/product\/epoka-e-sipermarrjes-nga-te-gjithe\/#primaryimage\",\"url\":\"https:\/\/booksal.com\/wp-content\/uploads\/2020\/10\/epoka.jpg\",\"contentUrl\":\"https:\/\/booksal.com\/wp-content\/uploads\/2020\/10\/epoka.jpg\",\"width\":450,\"height\":450},{\"@type\":\"BreadcrumbList\",\"@id\":\"https:\/\/booksal.com\/index.php\/product\/epoka-e-sipermarrjes-nga-te-gjithe\/#breadcrumb\",\"itemListElement\":[{\"@type\":\"ListItem\",\"position\":1,\"name\":\"Home\",\"item\":\"https:\/\/booksal.com\/\"},{\"@type\":\"ListItem\",\"position\":2,\"name\":\"Shop\",\"item\":\"https:\/\/booksal.com\/index.php\/shop\/?lang=en\"},{\"@type\":\"ListItem\",\"position\":3,\"name\":\"Epoka e Sip\u00ebrmarrjes nga t\u00eb Gjith\u00eb\"}]},{\"@type\":\"WebSite\",\"@id\":\"https:\/\/booksal.com\/#website\",\"url\":\"https:\/\/booksal.com\/\",\"name\":\"BOOKSAL Publishing House Fan Noli - publishing house in albania , shtepi botuese ne shqiperi , shtepia botuese fan Noli , Rexhep Hida\",\"description\":\"Publishing House Fan Noli - publishing house in albania , shtepi botuese ne shqiperi , shtepia botuese Fan Noli , Rexhep Hida\",\"potentialAction\":[{\"@type\":\"SearchAction\",\"target\":{\"@type\":\"EntryPoint\",\"urlTemplate\":\"https:\/\/booksal.com\/?s={search_term_string}\"},\"query-input\":{\"@type\":\"PropertyValueSpecification\",\"valueRequired\":true,\"valueName\":\"search_term_string\"}}],\"inLanguage\":\"sq\"}]}<\/script>\n<!-- \/ Yoast SEO plugin. -->","yoast_head_json":{"title":"Epoka e Sip\u00ebrmarrjes nga t\u00eb Gjith\u00eb - BOOKSAL Publishing House Fan Noli - publishing house in albania , shtepi botuese ne shqiperi , shtepia botuese fan Noli , Rexhep Hida","robots":{"index":"index","follow":"follow","max-snippet":"max-snippet:-1","max-image-preview":"max-image-preview:large","max-video-preview":"max-video-preview:-1"},"canonical":"https:\/\/booksal.com\/index.php\/product\/epoka-e-sipermarrjes-nga-te-gjithe\/","og_locale":"sq_AL","og_type":"article","og_title":"Epoka e Sip\u00ebrmarrjes nga t\u00eb Gjith\u00eb - BOOKSAL Publishing House Fan Noli - publishing house in albania , shtepi botuese ne shqiperi , shtepia botuese fan Noli , Rexhep Hida","og_description":"Titulli : Epoka e Sip\u00ebrmarrjes nga t\u00eb Gjith\u00eb Autori : Jinghong W. Sanderson Botuesi : Fan Noli ISBN : 978-9928-291-80-6","og_url":"https:\/\/booksal.com\/index.php\/product\/epoka-e-sipermarrjes-nga-te-gjithe\/","og_site_name":"BOOKSAL Publishing House Fan Noli - publishing house in albania , shtepi botuese ne shqiperi , shtepia botuese fan Noli , Rexhep Hida","article_modified_time":"2020-10-05T14:59:19+00:00","og_image":[{"width":450,"height":450,"url":"https:\/\/booksal.com\/wp-content\/uploads\/2020\/10\/epoka.jpg","type":"image\/jpeg"}],"twitter_card":"summary_large_image","schema":{"@context":"https:\/\/schema.org","@graph":[{"@type":"WebPage","@id":"https:\/\/booksal.com\/index.php\/product\/epoka-e-sipermarrjes-nga-te-gjithe\/","url":"https:\/\/booksal.com\/index.php\/product\/epoka-e-sipermarrjes-nga-te-gjithe\/","name":"Epoka e Sip\u00ebrmarrjes nga t\u00eb Gjith\u00eb - BOOKSAL Publishing House Fan Noli - publishing house in albania , shtepi botuese ne shqiperi , shtepia botuese fan Noli , Rexhep Hida","isPartOf":{"@id":"https:\/\/booksal.com\/#website"},"primaryImageOfPage":{"@id":"https:\/\/booksal.com\/index.php\/product\/epoka-e-sipermarrjes-nga-te-gjithe\/#primaryimage"},"image":{"@id":"https:\/\/booksal.com\/index.php\/product\/epoka-e-sipermarrjes-nga-te-gjithe\/#primaryimage"},"thumbnailUrl":"https:\/\/booksal.com\/wp-content\/uploads\/2020\/10\/epoka.jpg","datePublished":"2020-10-05T14:52:38+00:00","dateModified":"2020-10-05T14:59:19+00:00","breadcrumb":{"@id":"https:\/\/booksal.com\/index.php\/product\/epoka-e-sipermarrjes-nga-te-gjithe\/#breadcrumb"},"inLanguage":"sq","potentialAction":[{"@type":"ReadAction","target":["https:\/\/booksal.com\/index.php\/product\/epoka-e-sipermarrjes-nga-te-gjithe\/"]}]},{"@type":"ImageObject","inLanguage":"sq","@id":"https:\/\/booksal.com\/index.php\/product\/epoka-e-sipermarrjes-nga-te-gjithe\/#primaryimage","url":"https:\/\/booksal.com\/wp-content\/uploads\/2020\/10\/epoka.jpg","contentUrl":"https:\/\/booksal.com\/wp-content\/uploads\/2020\/10\/epoka.jpg","width":450,"height":450},{"@type":"BreadcrumbList","@id":"https:\/\/booksal.com\/index.php\/product\/epoka-e-sipermarrjes-nga-te-gjithe\/#breadcrumb","itemListElement":[{"@type":"ListItem","position":1,"name":"Home","item":"https:\/\/booksal.com\/"},{"@type":"ListItem","position":2,"name":"Shop","item":"https:\/\/booksal.com\/index.php\/shop\/?lang=en"},{"@type":"ListItem","position":3,"name":"Epoka e Sip\u00ebrmarrjes nga t\u00eb Gjith\u00eb"}]},{"@type":"WebSite","@id":"https:\/\/booksal.com\/#website","url":"https:\/\/booksal.com\/","name":"BOOKSAL Publishing House Fan Noli - publishing house in albania , shtepi botuese ne shqiperi , shtepia botuese fan Noli , Rexhep Hida","description":"Publishing House Fan Noli - publishing house in albania , shtepi botuese ne shqiperi , shtepia botuese Fan Noli , Rexhep Hida","potentialAction":[{"@type":"SearchAction","target":{"@type":"EntryPoint","urlTemplate":"https:\/\/booksal.com\/?s={search_term_string}"},"query-input":{"@type":"PropertyValueSpecification","valueRequired":true,"valueName":"search_term_string"}}],"inLanguage":"sq"}]}},"_links":{"self":[{"href":"https:\/\/booksal.com\/index.php\/wp-json\/wp\/v2\/product\/1723","targetHints":{"allow":["GET"]}}],"collection":[{"href":"https:\/\/booksal.com\/index.php\/wp-json\/wp\/v2\/product"}],"about":[{"href":"https:\/\/booksal.com\/index.php\/wp-json\/wp\/v2\/types\/product"}],"wp:featuredmedia":[{"embeddable":true,"href":"https:\/\/booksal.com\/index.php\/wp-json\/wp\/v2\/media\/1724"}],"wp:attachment":[{"href":"https:\/\/booksal.com\/index.php\/wp-json\/wp\/v2\/media?parent=1723"}],"wp:term":[{"taxonomy":"product_brand","embeddable":true,"href":"https:\/\/booksal.com\/index.php\/wp-json\/wp\/v2\/product_brand?post=1723"},{"taxonomy":"product_cat","embeddable":true,"href":"https:\/\/booksal.com\/index.php\/wp-json\/wp\/v2\/product_cat?post=1723"},{"taxonomy":"product_tag","embeddable":true,"href":"https:\/\/booksal.com\/index.php\/wp-json\/wp\/v2\/product_tag?post=1723"}],"curies":[{"name":"wp","href":"https:\/\/api.w.org\/{rel}","templated":true}]}}