{"id":1844,"date":"2021-08-12T12:53:20","date_gmt":"2021-08-12T12:53:20","guid":{"rendered":"https:\/\/booksal.com\/?post_type=product&#038;p=1844"},"modified":"2021-08-12T12:55:02","modified_gmt":"2021-08-12T12:55:02","slug":"ne-sherbim-te-popullit","status":"publish","type":"product","link":"https:\/\/booksal.com\/index.php\/product\/ne-sherbim-te-popullit\/","title":{"rendered":"N\u00eb sh\u00ebrbim t\u00eb popullit"},"content":{"rendered":"","protected":false},"excerpt":{"rendered":"<p><strong>Titulli : <\/strong>N\u00eb sh\u00ebrbim t\u00eb popullit<br \/>\n<\/strong><strong>Botuesi :<\/strong> Fan Noli<strong><br \/>\n<\/strong><strong>ISBN :<\/strong>978-9928-251-24-4<\/p>\n","protected":false},"featured_media":1845,"template":"","meta":[],"product_brand":[],"product_cat":[24],"product_tag":[],"class_list":{"0":"post-1844","1":"product","2":"type-product","3":"status-publish","4":"has-post-thumbnail","6":"product_cat-letersiaenciklopedike","7":"description-off","9":"first","10":"instock","11":"shipping-taxable","12":"product-type-simple"},"yoast_head":"<!-- This site is optimized with the Yoast SEO plugin v26.7 - https:\/\/yoast.com\/wordpress\/plugins\/seo\/ -->\n<title>N\u00eb sh\u00ebrbim t\u00eb popullit - BOOKSAL Publishing House Fan Noli - publishing house in albania , shtepi botuese ne shqiperi , shtepia botuese fan Noli , Rexhep Hida<\/title>\n<meta name=\"robots\" content=\"index, follow, max-snippet:-1, max-image-preview:large, max-video-preview:-1\" \/>\n<link rel=\"canonical\" href=\"https:\/\/booksal.com\/index.php\/product\/ne-sherbim-te-popullit\/\" \/>\n<meta property=\"og:locale\" content=\"sq_AL\" \/>\n<meta property=\"og:type\" content=\"article\" \/>\n<meta property=\"og:title\" content=\"N\u00eb sh\u00ebrbim t\u00eb popullit - BOOKSAL Publishing House Fan Noli - publishing house in albania , shtepi botuese ne shqiperi , shtepia botuese fan Noli , Rexhep Hida\" \/>\n<meta property=\"og:description\" content=\"Titulli : N\u00eb sh\u00ebrbim t\u00eb popullit Botuesi : Fan Noli ISBN :978-9928-251-24-4\" \/>\n<meta property=\"og:url\" content=\"https:\/\/booksal.com\/index.php\/product\/ne-sherbim-te-popullit\/\" \/>\n<meta property=\"og:site_name\" content=\"BOOKSAL Publishing House Fan Noli - publishing house in albania , shtepi botuese ne shqiperi , shtepia botuese fan Noli , Rexhep Hida\" \/>\n<meta property=\"article:modified_time\" content=\"2021-08-12T12:55:02+00:00\" \/>\n<meta property=\"og:image\" content=\"https:\/\/booksal.com\/wp-content\/uploads\/2021\/08\/N\u00eb-sh\u00ebrbim-t\u00eb-popullit.png\" \/>\n\t<meta property=\"og:image:width\" content=\"450\" \/>\n\t<meta property=\"og:image:height\" content=\"450\" \/>\n\t<meta property=\"og:image:type\" content=\"image\/png\" \/>\n<meta name=\"twitter:card\" content=\"summary_large_image\" \/>\n<script type=\"application\/ld+json\" class=\"yoast-schema-graph\">{\"@context\":\"https:\/\/schema.org\",\"@graph\":[{\"@type\":\"WebPage\",\"@id\":\"https:\/\/booksal.com\/index.php\/product\/ne-sherbim-te-popullit\/\",\"url\":\"https:\/\/booksal.com\/index.php\/product\/ne-sherbim-te-popullit\/\",\"name\":\"N\u00eb sh\u00ebrbim t\u00eb popullit - BOOKSAL Publishing House Fan Noli - publishing house in albania , shtepi botuese ne shqiperi , shtepia botuese fan Noli , Rexhep Hida\",\"isPartOf\":{\"@id\":\"https:\/\/booksal.com\/#website\"},\"primaryImageOfPage\":{\"@id\":\"https:\/\/booksal.com\/index.php\/product\/ne-sherbim-te-popullit\/#primaryimage\"},\"image\":{\"@id\":\"https:\/\/booksal.com\/index.php\/product\/ne-sherbim-te-popullit\/#primaryimage\"},\"thumbnailUrl\":\"https:\/\/booksal.com\/wp-content\/uploads\/2021\/08\/N\u00eb-sh\u00ebrbim-t\u00eb-popullit.png\",\"datePublished\":\"2021-08-12T12:53:20+00:00\",\"dateModified\":\"2021-08-12T12:55:02+00:00\",\"breadcrumb\":{\"@id\":\"https:\/\/booksal.com\/index.php\/product\/ne-sherbim-te-popullit\/#breadcrumb\"},\"inLanguage\":\"sq\",\"potentialAction\":[{\"@type\":\"ReadAction\",\"target\":[\"https:\/\/booksal.com\/index.php\/product\/ne-sherbim-te-popullit\/\"]}]},{\"@type\":\"ImageObject\",\"inLanguage\":\"sq\",\"@id\":\"https:\/\/booksal.com\/index.php\/product\/ne-sherbim-te-popullit\/#primaryimage\",\"url\":\"https:\/\/booksal.com\/wp-content\/uploads\/2021\/08\/N\u00eb-sh\u00ebrbim-t\u00eb-popullit.png\",\"contentUrl\":\"https:\/\/booksal.com\/wp-content\/uploads\/2021\/08\/N\u00eb-sh\u00ebrbim-t\u00eb-popullit.png\",\"width\":450,\"height\":450},{\"@type\":\"BreadcrumbList\",\"@id\":\"https:\/\/booksal.com\/index.php\/product\/ne-sherbim-te-popullit\/#breadcrumb\",\"itemListElement\":[{\"@type\":\"ListItem\",\"position\":1,\"name\":\"Home\",\"item\":\"https:\/\/booksal.com\/\"},{\"@type\":\"ListItem\",\"position\":2,\"name\":\"Shop\",\"item\":\"https:\/\/booksal.com\/index.php\/shop\/?lang=en\"},{\"@type\":\"ListItem\",\"position\":3,\"name\":\"N\u00eb sh\u00ebrbim t\u00eb popullit\"}]},{\"@type\":\"WebSite\",\"@id\":\"https:\/\/booksal.com\/#website\",\"url\":\"https:\/\/booksal.com\/\",\"name\":\"BOOKSAL Publishing House Fan Noli - publishing house in albania , shtepi botuese ne shqiperi , shtepia botuese fan Noli , Rexhep Hida\",\"description\":\"Publishing House Fan Noli - publishing house in albania , shtepi botuese ne shqiperi , shtepia botuese Fan Noli , Rexhep Hida\",\"potentialAction\":[{\"@type\":\"SearchAction\",\"target\":{\"@type\":\"EntryPoint\",\"urlTemplate\":\"https:\/\/booksal.com\/?s={search_term_string}\"},\"query-input\":{\"@type\":\"PropertyValueSpecification\",\"valueRequired\":true,\"valueName\":\"search_term_string\"}}],\"inLanguage\":\"sq\"}]}<\/script>\n<!-- \/ Yoast SEO plugin. -->","yoast_head_json":{"title":"N\u00eb sh\u00ebrbim t\u00eb popullit - BOOKSAL Publishing House Fan Noli - publishing house in albania , shtepi botuese ne shqiperi , shtepia botuese fan Noli , Rexhep Hida","robots":{"index":"index","follow":"follow","max-snippet":"max-snippet:-1","max-image-preview":"max-image-preview:large","max-video-preview":"max-video-preview:-1"},"canonical":"https:\/\/booksal.com\/index.php\/product\/ne-sherbim-te-popullit\/","og_locale":"sq_AL","og_type":"article","og_title":"N\u00eb sh\u00ebrbim t\u00eb popullit - BOOKSAL Publishing House Fan Noli - publishing house in albania , shtepi botuese ne shqiperi , shtepia botuese fan Noli , Rexhep Hida","og_description":"Titulli : N\u00eb sh\u00ebrbim t\u00eb popullit Botuesi : Fan Noli ISBN :978-9928-251-24-4","og_url":"https:\/\/booksal.com\/index.php\/product\/ne-sherbim-te-popullit\/","og_site_name":"BOOKSAL Publishing House Fan Noli - publishing house in albania , shtepi botuese ne shqiperi , shtepia botuese fan Noli , Rexhep Hida","article_modified_time":"2021-08-12T12:55:02+00:00","og_image":[{"width":450,"height":450,"url":"https:\/\/booksal.com\/wp-content\/uploads\/2021\/08\/N\u00eb-sh\u00ebrbim-t\u00eb-popullit.png","type":"image\/png"}],"twitter_card":"summary_large_image","schema":{"@context":"https:\/\/schema.org","@graph":[{"@type":"WebPage","@id":"https:\/\/booksal.com\/index.php\/product\/ne-sherbim-te-popullit\/","url":"https:\/\/booksal.com\/index.php\/product\/ne-sherbim-te-popullit\/","name":"N\u00eb sh\u00ebrbim t\u00eb popullit - BOOKSAL Publishing House Fan Noli - publishing house in albania , shtepi botuese ne shqiperi , shtepia botuese fan Noli , Rexhep Hida","isPartOf":{"@id":"https:\/\/booksal.com\/#website"},"primaryImageOfPage":{"@id":"https:\/\/booksal.com\/index.php\/product\/ne-sherbim-te-popullit\/#primaryimage"},"image":{"@id":"https:\/\/booksal.com\/index.php\/product\/ne-sherbim-te-popullit\/#primaryimage"},"thumbnailUrl":"https:\/\/booksal.com\/wp-content\/uploads\/2021\/08\/N\u00eb-sh\u00ebrbim-t\u00eb-popullit.png","datePublished":"2021-08-12T12:53:20+00:00","dateModified":"2021-08-12T12:55:02+00:00","breadcrumb":{"@id":"https:\/\/booksal.com\/index.php\/product\/ne-sherbim-te-popullit\/#breadcrumb"},"inLanguage":"sq","potentialAction":[{"@type":"ReadAction","target":["https:\/\/booksal.com\/index.php\/product\/ne-sherbim-te-popullit\/"]}]},{"@type":"ImageObject","inLanguage":"sq","@id":"https:\/\/booksal.com\/index.php\/product\/ne-sherbim-te-popullit\/#primaryimage","url":"https:\/\/booksal.com\/wp-content\/uploads\/2021\/08\/N\u00eb-sh\u00ebrbim-t\u00eb-popullit.png","contentUrl":"https:\/\/booksal.com\/wp-content\/uploads\/2021\/08\/N\u00eb-sh\u00ebrbim-t\u00eb-popullit.png","width":450,"height":450},{"@type":"BreadcrumbList","@id":"https:\/\/booksal.com\/index.php\/product\/ne-sherbim-te-popullit\/#breadcrumb","itemListElement":[{"@type":"ListItem","position":1,"name":"Home","item":"https:\/\/booksal.com\/"},{"@type":"ListItem","position":2,"name":"Shop","item":"https:\/\/booksal.com\/index.php\/shop\/?lang=en"},{"@type":"ListItem","position":3,"name":"N\u00eb sh\u00ebrbim t\u00eb popullit"}]},{"@type":"WebSite","@id":"https:\/\/booksal.com\/#website","url":"https:\/\/booksal.com\/","name":"BOOKSAL Publishing House Fan Noli - publishing house in albania , shtepi botuese ne shqiperi , shtepia botuese fan Noli , Rexhep Hida","description":"Publishing House Fan Noli - publishing house in albania , shtepi botuese ne shqiperi , shtepia botuese Fan Noli , Rexhep Hida","potentialAction":[{"@type":"SearchAction","target":{"@type":"EntryPoint","urlTemplate":"https:\/\/booksal.com\/?s={search_term_string}"},"query-input":{"@type":"PropertyValueSpecification","valueRequired":true,"valueName":"search_term_string"}}],"inLanguage":"sq"}]}},"_links":{"self":[{"href":"https:\/\/booksal.com\/index.php\/wp-json\/wp\/v2\/product\/1844","targetHints":{"allow":["GET"]}}],"collection":[{"href":"https:\/\/booksal.com\/index.php\/wp-json\/wp\/v2\/product"}],"about":[{"href":"https:\/\/booksal.com\/index.php\/wp-json\/wp\/v2\/types\/product"}],"wp:featuredmedia":[{"embeddable":true,"href":"https:\/\/booksal.com\/index.php\/wp-json\/wp\/v2\/media\/1845"}],"wp:attachment":[{"href":"https:\/\/booksal.com\/index.php\/wp-json\/wp\/v2\/media?parent=1844"}],"wp:term":[{"taxonomy":"product_brand","embeddable":true,"href":"https:\/\/booksal.com\/index.php\/wp-json\/wp\/v2\/product_brand?post=1844"},{"taxonomy":"product_cat","embeddable":true,"href":"https:\/\/booksal.com\/index.php\/wp-json\/wp\/v2\/product_cat?post=1844"},{"taxonomy":"product_tag","embeddable":true,"href":"https:\/\/booksal.com\/index.php\/wp-json\/wp\/v2\/product_tag?post=1844"}],"curies":[{"name":"wp","href":"https:\/\/api.w.org\/{rel}","templated":true}]}}